{"id":3766,"date":"2024-01-17T17:38:57","date_gmt":"2024-01-17T17:38:57","guid":{"rendered":"https:\/\/cidadesol.com.br\/?page_id=3766"},"modified":"2024-01-17T17:45:24","modified_gmt":"2024-01-17T17:45:24","slug":"regulamento-folia-15-30","status":"publish","type":"page","link":"https:\/\/cidadesol.com.br\/index.php\/regulamento-folia-15-30\/","title":{"rendered":"Regulamento &#8211; FOLIA 15\/30"},"content":{"rendered":"\t\t<div data-elementor-type=\"wp-page\" data-elementor-id=\"3766\" class=\"elementor elementor-3766\">\n\t\t\t\t\t\t\t<div class=\"elementor-element elementor-element-002a6af e-con-full e-con\" data-id=\"002a6af\" data-element_type=\"container\" data-settings=\"{&quot;content_width&quot;:&quot;full&quot;}\">\n\t\t\t\t<\/div>\n\t\t\t\t<section class=\"elementor-section elementor-top-section elementor-element elementor-element-e8d2339 elementor-section-boxed elementor-section-height-default elementor-section-height-default\" data-id=\"e8d2339\" data-element_type=\"section\" data-settings=\"{&quot;_ha_eqh_enable&quot;:false}\">\n\t\t\t\t\t\t<div class=\"elementor-container elementor-column-gap-default\">\n\t\t\t\t\t<div class=\"elementor-column elementor-col-100 elementor-top-column elementor-element elementor-element-ed904f4\" data-id=\"ed904f4\" data-element_type=\"column\">\n\t\t\t<div class=\"elementor-widget-wrap elementor-element-populated\">\n\t\t\t\t\t\t\t\t<div class=\"elementor-element elementor-element-fd34b6d elementor-widget elementor-widget-image\" data-id=\"fd34b6d\" data-element_type=\"widget\" data-widget_type=\"image.default\">\n\t\t\t\t<div class=\"elementor-widget-container\">\n\t\t\t<style>\/*! elementor - v3.8.1 - 13-11-2022 *\/\n.elementor-widget-image{text-align:center}.elementor-widget-image a{display:inline-block}.elementor-widget-image a img[src$=\".svg\"]{width:48px}.elementor-widget-image img{vertical-align:middle;display:inline-block}<\/style>\t\t\t\t\t\t\t\t\t\t\t\t<img decoding=\"async\" width=\"1920\" height=\"440\" src=\"https:\/\/cidadesol.com.br\/wp-content\/uploads\/2024\/01\/Campanha-de-Carnaval-CS-2024-PREFOLIA-ok.png\" class=\"attachment-full size-full\" alt=\"\" srcset=\"https:\/\/cidadesol.com.br\/wp-content\/uploads\/2024\/01\/Campanha-de-Carnaval-CS-2024-PREFOLIA-ok.png 1920w, https:\/\/cidadesol.com.br\/wp-content\/uploads\/2024\/01\/Campanha-de-Carnaval-CS-2024-PREFOLIA-ok-300x69.png 300w, https:\/\/cidadesol.com.br\/wp-content\/uploads\/2024\/01\/Campanha-de-Carnaval-CS-2024-PREFOLIA-ok-1024x235.png 1024w, https:\/\/cidadesol.com.br\/wp-content\/uploads\/2024\/01\/Campanha-de-Carnaval-CS-2024-PREFOLIA-ok-768x176.png 768w, https:\/\/cidadesol.com.br\/wp-content\/uploads\/2024\/01\/Campanha-de-Carnaval-CS-2024-PREFOLIA-ok-1536x352.png 1536w\" sizes=\"(max-width: 1920px) 100vw, 1920px\" \/>\t\t\t\t\t\t\t\t\t\t\t\t\t\t\t<\/div>\n\t\t\t\t<\/div>\n\t\t\t\t<section class=\"elementor-section elementor-inner-section elementor-element elementor-element-cd0a936 elementor-section-boxed elementor-section-height-default elementor-section-height-default\" data-id=\"cd0a936\" data-element_type=\"section\" data-settings=\"{&quot;_ha_eqh_enable&quot;:false}\">\n\t\t\t\t\t\t<div class=\"elementor-container elementor-column-gap-default\">\n\t\t\t\t\t<div class=\"elementor-column elementor-col-100 elementor-inner-column elementor-element elementor-element-856d0d4\" data-id=\"856d0d4\" data-element_type=\"column\">\n\t\t\t<div class=\"elementor-widget-wrap elementor-element-populated\">\n\t\t\t\t\t\t\t\t<div class=\"elementor-element elementor-element-d3950f7 elementor-widget elementor-widget-heading\" data-id=\"d3950f7\" data-element_type=\"widget\" data-widget_type=\"heading.default\">\n\t\t\t\t<div class=\"elementor-widget-container\">\n\t\t\t<style>\/*! elementor - v3.8.1 - 13-11-2022 *\/\n.elementor-heading-title{padding:0;margin:0;line-height:1}.elementor-widget-heading .elementor-heading-title[class*=elementor-size-]>a{color:inherit;font-size:inherit;line-height:inherit}.elementor-widget-heading .elementor-heading-title.elementor-size-small{font-size:15px}.elementor-widget-heading .elementor-heading-title.elementor-size-medium{font-size:19px}.elementor-widget-heading .elementor-heading-title.elementor-size-large{font-size:29px}.elementor-widget-heading .elementor-heading-title.elementor-size-xl{font-size:39px}.elementor-widget-heading .elementor-heading-title.elementor-size-xxl{font-size:59px}<\/style><h4 class=\"elementor-heading-title elementor-size-default\">REGULAMENTO CUPONS DE DESCONTOS PREFOLIA30 \/ PREFOLIA15<\/h4>\t\t<\/div>\n\t\t\t\t<\/div>\n\t\t\t\t<div class=\"elementor-element elementor-element-a55c3b0 elementor-widget elementor-widget-text-editor\" data-id=\"a55c3b0\" data-element_type=\"widget\" data-widget_type=\"text-editor.default\">\n\t\t\t\t<div class=\"elementor-widget-container\">\n\t\t\t<style>\/*! elementor - v3.8.1 - 13-11-2022 *\/\n.elementor-widget-text-editor.elementor-drop-cap-view-stacked .elementor-drop-cap{background-color:#818a91;color:#fff}.elementor-widget-text-editor.elementor-drop-cap-view-framed .elementor-drop-cap{color:#818a91;border:3px solid;background-color:transparent}.elementor-widget-text-editor:not(.elementor-drop-cap-view-default) .elementor-drop-cap{margin-top:8px}.elementor-widget-text-editor:not(.elementor-drop-cap-view-default) .elementor-drop-cap-letter{width:1em;height:1em}.elementor-widget-text-editor .elementor-drop-cap{float:left;text-align:center;line-height:1;font-size:50px}.elementor-widget-text-editor .elementor-drop-cap-letter{display:inline-block}<\/style>\t\t\t\t<ul><li><ol><li><ol><li><p style=\"margin-bottom: .0001pt; mso-add-space: auto; text-align: justify; text-indent: -18.0pt; line-height: normal; mso-list: l0 level1 lfo1;\">1. Os CUPONS PROMOCIONAIS PREFOLIA30 ou PREFO<b>LIA15 da CIDADE SOL<\/b> consistem na disponibiliza\u00e7\u00e3o de <b>30% e 15%<\/b> de descontos respectivamente por inser\u00e7\u00e3o de c\u00f3digos promocionais pr\u00e9-estabelecidos, em trechos e servi\u00e7os espec\u00edficos, dentro do per\u00edodo de validade estipulado. As condi\u00e7\u00f5es para elegibilidade encontram-se nos itens a seguir descritos;<br \/><br \/><\/p><p style=\"margin-bottom: .0001pt; mso-add-space: auto; text-align: justify; text-indent: -18.0pt; line-height: normal; mso-list: l0 level1 lfo1;\">2. Os<b> CUPONS PROMOCIONAIS PREFOLIA30<\/b> ou <b>PREFOLIA15 da CIDADE SOL<\/b> ser\u00e3o disponibilizados apenas para compras efetivadas no site oficial https:\/\/www.cidadesol.com.br e pelo APP oficial da Cidade Sol dispon\u00edvel para android e Ios;<br \/><br \/><\/p><p style=\"margin-bottom: .0001pt; mso-add-space: auto; text-align: justify; text-indent: -18.0pt; line-height: normal; mso-list: l0 level1 lfo1;\">3. Os descontos de <b>30% e 15%<\/b> da campanha promocional com cupons de descontos <b>(PREFOLIA30 ou PREFOLIA15)<\/b>, ser\u00e3o aplicados apenas sobre as tarifas das passagens dos trechos promocionais. Portanto, n\u00e3o est\u00e3o inclusas nos descontos as tarifas de ped\u00e1gio, seguro facultativo e de utiliza\u00e7\u00e3o de terminais;<br \/><br \/><\/p><p style=\"margin-bottom: .0001pt; mso-add-space: auto; text-align: justify; text-indent: -18.0pt; line-height: normal; mso-list: l0 level1 lfo1;\">4. Os cupons promocionais ser\u00e3o v\u00e1lidos <b>SOMENTE<\/b> para as datas, hor\u00e1rios, linhas e trajetos designados no item 8, e ser\u00e3o aplicados no valor da tarifa de passagem adquirida e para embarque nos per\u00edodos designados no item 11. Para aplica\u00e7\u00e3o do desconto, o cliente dever\u00e1 inserir a denomina\u00e7\u00e3o do cupom correspondente <b>(PREFOLIA30 ou PREFOLIA15)<\/b> no campo espec\u00edfico no momento da compra. Em casos de mais de uma passagem na mesma compra, o cupom deve ser inserido em todos os campos dispon\u00edveis;<br \/><br \/><\/p><p style=\"margin-bottom: .0001pt; mso-add-space: auto; text-align: justify; text-indent: -18.0pt; line-height: normal; mso-list: l0 level1 lfo1;\">5. Para remarca\u00e7\u00e3o, o cliente fica desde j\u00e1 ciente de que, em sendo o valor menor do que a compra origin\u00e1ria, em raz\u00e3o da compra adquirida ter sido em valor promocional, n\u00e3o ser\u00e1 eleg\u00edvel ao reembolso da diferen\u00e7a. J\u00e1 se o valor da remarca\u00e7\u00e3o for superior ao valor originariamente pago, dever\u00e1 observar o valor da tarifa vigente para a nova data desejada, efetuando o pagamento da diferen\u00e7a de valor, inclusive de ped\u00e1gio, seguro facultativo e de utiliza\u00e7\u00e3o de terminais, quando houver;<br \/><br \/><\/p><p style=\"margin-bottom: .0001pt; mso-add-space: auto; text-align: justify; text-indent: -18.0pt; line-height: normal; mso-list: l0 level1 lfo1;\">5.1 A remarca\u00e7\u00e3o de viagens adquiridas na campanha promocional com cupons de descontos <b>(PREFOLIA30 ou PREFOLIA15)<\/b> no trecho intermunicipal, somente ser\u00e1 eleg\u00edvel para remarca\u00e7\u00e3o em outro trecho intermunicipal adquirida na vig\u00eancia da promo\u00e7\u00e3o, desde que observada as 3 (tr\u00eas) horas de anteced\u00eancia prevista;<br \/><br \/><\/p><p style=\"margin-bottom: .0001pt; mso-add-space: auto; text-align: justify; text-indent: -18.0pt; line-height: normal; mso-list: l0 level1 lfo1;\">6. Para cancelamento, o cliente dever\u00e1 solicitar em at\u00e9 3 (tr\u00eas) horas de anteced\u00eancia da viagem, observando as regras e condi\u00e7\u00f5es previstas para o reembolso, sendo o valor a ser reembolsado o mesmo valor pago pelo cliente a \u00e9poca da aquisi\u00e7\u00e3o da tarifa na campanha promocional com cupons de descontos <b>(PREFOLIA30 ou PREFOLIA15);<\/b><br \/><br \/><\/p><p style=\"margin-bottom: .0001pt; mso-add-space: auto; text-align: justify; text-indent: -18.0pt; line-height: normal; mso-list: l0 level1 lfo1;\">7. O bilhete de passagem adquirido no per\u00edodo promocional \u00e9 para uso pessoal e intransfer\u00edvel;<br \/><br \/><\/p><p style=\"margin-bottom: .0001pt; mso-add-space: auto; text-align: justify; text-indent: -18.0pt; line-height: normal; mso-list: l0 level1 lfo1;\">8. Os <b>CUPONS PROMOCIONAIS PREFOLIA30 ou PREFOLIA15 da CIDADE SOL<\/b> s\u00e3o v\u00e1lidos t\u00e3o somente para os seguintes trechos e servi\u00e7os respectivos ao seu c\u00f3digo de desconto:<br \/><br \/><\/p><p style=\"margin-bottom: .0001pt; mso-add-space: auto; text-align: justify; text-indent: -18.0pt; line-height: normal; mso-list: l0 level1 lfo1;\"><b>C\u00f3digo de cupom promocional: PREFOLIA30<br \/><br \/><\/b><\/p><p style=\"margin-bottom: .0001pt; mso-add-space: auto; text-align: justify; text-indent: -18.0pt; line-height: normal; mso-list: l0 level1 lfo1;\">\u2022 Salvador X Feira de Santana<\/p><p style=\"margin-bottom: .0001pt; mso-add-space: auto; text-align: justify; text-indent: -18.0pt; line-height: normal; mso-list: l0 level1 lfo1;\">\u2022 Salvador X Itaberaba<\/p><p style=\"margin-bottom: .0001pt; mso-add-space: auto; text-align: justify; text-indent: -18.0pt; line-height: normal; mso-list: l0 level1 lfo1;\">\u2022 Salvador X Irec\u00ea<\/p><p style=\"margin-bottom: .0001pt; mso-add-space: auto; text-align: justify; text-indent: -18.0pt; line-height: normal; mso-list: l0 level1 lfo1;\">\u2022 Salvador X Alagoinhas<\/p><p style=\"margin-bottom: .0001pt; mso-add-space: auto; text-align: justify; text-indent: -18.0pt; line-height: normal; mso-list: l0 level1 lfo1;\">\u2022 Feira de Santana X Irec\u00ea<\/p><p style=\"margin-bottom: .0001pt; mso-add-space: auto; text-align: justify; text-indent: -18.0pt; line-height: normal; mso-list: l0 level1 lfo1;\">\u2022 Feira de Santana X Itaberaba<br \/><br \/><b><br \/><\/b><\/p><p style=\"margin-bottom: .0001pt; mso-add-space: auto; text-align: justify; text-indent: -18.0pt; line-height: normal; mso-list: l0 level1 lfo1;\"><b>C\u00f3digo de cupom promocional: PREFOLIA15<br \/><br \/><\/b><\/p><p style=\"margin-bottom: .0001pt; mso-add-space: auto; text-align: justify; text-indent: -18.0pt; line-height: normal; mso-list: l0 level1 lfo1;\">\u2022 Salvador X Xique-Xique<\/p><p style=\"margin-bottom: .0001pt; mso-add-space: auto; text-align: justify; text-indent: -18.0pt; line-height: normal; mso-list: l0 level1 lfo1;\">\u2022 Salvador X Morro do Chap\u00e9u<\/p><p style=\"margin-bottom: .0001pt; mso-add-space: auto; text-align: justify; text-indent: -18.0pt; line-height: normal; mso-list: l0 level1 lfo1;\">\u2022 Salvador X Santo Amaro<\/p><p style=\"margin-bottom: .0001pt; mso-add-space: auto; text-align: justify; text-indent: -18.0pt; line-height: normal; mso-list: l0 level1 lfo1;\">\u2022 Salvador X Ruy Barbosa<\/p><p style=\"margin-bottom: .0001pt; mso-add-space: auto; text-align: justify; text-indent: -18.0pt; line-height: normal; mso-list: l0 level1 lfo1;\">\u2022 Salvador X Jaguaquara<\/p><p style=\"margin-bottom: .0001pt; mso-add-space: auto; text-align: justify; text-indent: -18.0pt; line-height: normal; mso-list: l0 level1 lfo1;\">\u2022 Salvador X Jequi\u00e9<\/p><p style=\"margin-bottom: .0001pt; mso-add-space: auto; text-align: justify; text-indent: -18.0pt; line-height: normal; mso-list: l0 level1 lfo1;\">\u2022 Salvador X Marac\u00e1s<\/p><p style=\"margin-bottom: .0001pt; mso-add-space: auto; text-align: justify; text-indent: -18.0pt; line-height: normal; mso-list: l0 level1 lfo1;\">\u2022 Salvador X Aiquara<\/p><p style=\"margin-bottom: .0001pt; mso-add-space: auto; text-align: justify; text-indent: -18.0pt; line-height: normal; mso-list: l0 level1 lfo1;\">\u2022 Salvador X Brej\u00f5es<\/p><p style=\"margin-bottom: .0001pt; mso-add-space: auto; text-align: justify; text-indent: -18.0pt; line-height: normal; mso-list: l0 level1 lfo1;\">\u2022 Salvador X Contendas do Sincor\u00e1<\/p><p style=\"margin-bottom: .0001pt; mso-add-space: auto; text-align: justify; text-indent: -18.0pt; line-height: normal; mso-list: l0 level1 lfo1;\">\u2022 Salvador X Ubat\u00e3<\/p><p style=\"margin-bottom: .0001pt; mso-add-space: auto; text-align: justify; text-indent: -18.0pt; line-height: normal; mso-list: l0 level1 lfo1;\">\u2022 Itacar\u00e9 X Bom Despacho<\/p><p style=\"margin-bottom: .0001pt; mso-add-space: auto; text-align: justify; text-indent: -18.0pt; line-height: normal; mso-list: l0 level1 lfo1;\">\u2022 Itacar\u00e9 X Feira de Santana<\/p><p style=\"margin-bottom: .0001pt; mso-add-space: auto; text-align: justify; text-indent: -18.0pt; line-height: normal; mso-list: l0 level1 lfo1;\">\u2022 Ilh\u00e9us X Jequi\u00e9<\/p><p style=\"margin-bottom: .0001pt; mso-add-space: auto; text-align: justify; text-indent: -18.0pt; line-height: normal; mso-list: l0 level1 lfo1;\">\u2022 Jequi\u00e9 X Valen\u00e7a<\/p><p style=\"margin-bottom: .0001pt; mso-add-space: auto; text-align: justify; text-indent: -18.0pt; line-height: normal; mso-list: l0 level1 lfo1;\">\u2022 Jequi\u00e9 X Jaguaquara<\/p><p style=\"margin-bottom: .0001pt; mso-add-space: auto; text-align: justify; text-indent: -18.0pt; line-height: normal; mso-list: l0 level1 lfo1;\">\u2022 Jequi\u00e9 X Marac\u00e1s<\/p><p style=\"margin-bottom: .0001pt; mso-add-space: auto; text-align: justify; text-indent: -18.0pt; line-height: normal; mso-list: l0 level1 lfo1;\">\u2022 Bom Despacho X Vit\u00f3ria da Conquista<\/p><p style=\"margin-bottom: .0001pt; mso-add-space: auto; text-align: justify; text-indent: -18.0pt; line-height: normal; mso-list: l0 level1 lfo1;\">\u2022 Bom Despacho Jequi\u00e9<\/p><p style=\"margin-bottom: .0001pt; mso-add-space: auto; text-align: justify; text-indent: -18.0pt; line-height: normal; mso-list: l0 level1 lfo1;\">\u2022 Vit\u00f3ria da Conquista X Marac\u00e1s<br \/><br \/><\/p><p style=\"margin-bottom: .0001pt; mso-add-space: auto; text-align: justify; text-indent: -18.0pt; line-height: normal; mso-list: l0 level1 lfo1;\">9. Promo\u00e7\u00e3o v\u00e1lida para todos os servi\u00e7os, <b>EXCETO<\/b> para o servi\u00e7o<b> LEITO;<\/b><br \/><br \/><\/p><p style=\"margin-bottom: .0001pt; mso-add-space: auto; text-align: justify; text-indent: -18.0pt; line-height: normal; mso-list: l0 level1 lfo1;\">10. A mera participa\u00e7\u00e3o nesta promo\u00e7\u00e3o caracteriza a aceita\u00e7\u00e3o dos termos e condi\u00e7\u00f5es previstos neste regulamento;<\/p><p style=\"margin-bottom: .0001pt; mso-add-space: auto; text-align: justify; text-indent: -18.0pt; line-height: normal; mso-list: l0 level1 lfo1;\">11. Cupons de ofertas v\u00e1lidos para compras de <b>17\/01\/2024 at\u00e9 28\/01\/2024;<\/b><br \/><br \/><\/p><p style=\"margin-bottom: .0001pt; mso-add-space: auto; text-align: justify; text-indent: -18.0pt; line-height: normal; mso-list: l0 level1 lfo1;\">12. Embarques estabelecidos entre <b>22\/01\/2024 e 04\/02\/2024;<\/b><br \/><br \/><\/p><p style=\"margin-bottom: .0001pt; mso-add-space: auto; text-align: justify; text-indent: -18.0pt; line-height: normal; mso-list: l0 level1 lfo1;\">13. Promo\u00e7\u00e3o n\u00e3o cumulativa;<br \/><br \/><\/p><p style=\"margin-bottom: .0001pt; mso-add-space: auto; text-align: justify; text-indent: -18.0pt; line-height: normal; mso-list: l0 level1 lfo1;\">14. A empresa se reserva ao direito de interrup\u00e7\u00e3o desta campanha promocional com cupons de descontos a qualquer momento sem aviso pr\u00e9vio.<br \/><br \/><\/p><p style=\"margin-bottom: .0001pt; mso-add-space: auto; text-align: justify; text-indent: -18.0pt; line-height: normal; mso-list: l0 level1 lfo1;\">Para mais informa\u00e7\u00f5es, entre e contato com o nosso SAC: 0800 075 0010<br \/><br \/><\/p><p style=\"margin-bottom: .0001pt; mso-add-space: auto; text-align: justify; text-indent: -18.0pt; line-height: normal; mso-list: l0 level1 lfo1;\"><b>CIDADE SOL,<\/b><\/p><p style=\"margin-bottom: .0001pt; mso-add-space: auto; text-align: justify; text-indent: -18.0pt; line-height: normal; mso-list: l0 level1 lfo1;\"><b>iluminando caminhos!<\/b><\/p><\/li><\/ol><\/li><\/ol><\/li><\/ul>\t\t\t\t\t\t<\/div>\n\t\t\t\t<\/div>\n\t\t\t\t<div class=\"elementor-element elementor-element-133cabc elementor-widget elementor-widget-text-editor\" data-id=\"133cabc\" data-element_type=\"widget\" data-widget_type=\"text-editor.default\">\n\t\t\t\t<div class=\"elementor-widget-container\">\n\t\t\t\t\t\t\t\t\t\t\t\t\t<\/div>\n\t\t\t\t<\/div>\n\t\t\t\t<div class=\"elementor-element elementor-element-7455b53 elementor-widget elementor-widget-spacer\" data-id=\"7455b53\" data-element_type=\"widget\" data-widget_type=\"spacer.default\">\n\t\t\t\t<div class=\"elementor-widget-container\">\n\t\t\t<style>\/*! elementor - v3.8.1 - 13-11-2022 *\/\n.elementor-column .elementor-spacer-inner{height:var(--spacer-size)}.e-con{--container-widget-width:100%}.e-con-inner>.elementor-widget-spacer,.e-con>.elementor-widget-spacer{width:var(--container-widget-width,var(--spacer-size));-ms-flex-item-align:stretch;align-self:stretch;-ms-flex-negative:0;flex-shrink:0}.e-con-inner>.elementor-widget-spacer>.elementor-widget-container,.e-con-inner>.elementor-widget-spacer>.elementor-widget-container>.elementor-spacer,.e-con>.elementor-widget-spacer>.elementor-widget-container,.e-con>.elementor-widget-spacer>.elementor-widget-container>.elementor-spacer{height:100%}.e-con-inner>.elementor-widget-spacer>.elementor-widget-container>.elementor-spacer>.elementor-spacer-inner,.e-con>.elementor-widget-spacer>.elementor-widget-container>.elementor-spacer>.elementor-spacer-inner{height:var(--container-widget-height,var(--spacer-size))}<\/style>\t\t<div class=\"elementor-spacer\">\n\t\t\t<div class=\"elementor-spacer-inner\"><\/div>\n\t\t<\/div>\n\t\t\t\t<\/div>\n\t\t\t\t<\/div>\n\t\t\t\t\t<\/div>\n\t\t<\/div>\n\t\t\t\t\t\t\t<\/div>\n\t\t<\/section>\n\t\t\t\t\t<\/div>\n\t\t<\/div>\n\t\t\t\t\t\t\t<\/div>\n\t\t<\/section>\n\t\t\t\t\t\t\t<\/div>\n\t\t","protected":false},"excerpt":{"rendered":"<p>REGULAMENTO CUPONS DE DESCONTOS PREFOLIA30 \/ PREFOLIA15 1. Os CUPONS PROMOCIONAIS PREFOLIA30 ou PREFOLIA15 da CIDADE SOL consistem na disponibiliza\u00e7\u00e3o de 30% e 15% de descontos respectivamente por inser\u00e7\u00e3o de c\u00f3digos promocionais pr\u00e9-estabelecidos, em trechos e servi\u00e7os espec\u00edficos, dentro do per\u00edodo de validade estipulado. As condi\u00e7\u00f5es para elegibilidade encontram-se nos itens a seguir descritos; 2. [&hellip;]<\/p>\n","protected":false},"author":2,"featured_media":0,"parent":0,"menu_order":0,"comment_status":"closed","ping_status":"closed","template":"","meta":{"_joinchat":[],"footnotes":""},"class_list":["post-3766","page","type-page","status-publish","hentry"],"_links":{"self":[{"href":"https:\/\/cidadesol.com.br\/index.php\/wp-json\/wp\/v2\/pages\/3766","targetHints":{"allow":["GET"]}}],"collection":[{"href":"https:\/\/cidadesol.com.br\/index.php\/wp-json\/wp\/v2\/pages"}],"about":[{"href":"https:\/\/cidadesol.com.br\/index.php\/wp-json\/wp\/v2\/types\/page"}],"author":[{"embeddable":true,"href":"https:\/\/cidadesol.com.br\/index.php\/wp-json\/wp\/v2\/users\/2"}],"replies":[{"embeddable":true,"href":"https:\/\/cidadesol.com.br\/index.php\/wp-json\/wp\/v2\/comments?post=3766"}],"version-history":[{"count":4,"href":"https:\/\/cidadesol.com.br\/index.php\/wp-json\/wp\/v2\/pages\/3766\/revisions"}],"predecessor-version":[{"id":3771,"href":"https:\/\/cidadesol.com.br\/index.php\/wp-json\/wp\/v2\/pages\/3766\/revisions\/3771"}],"wp:attachment":[{"href":"https:\/\/cidadesol.com.br\/index.php\/wp-json\/wp\/v2\/media?parent=3766"}],"curies":[{"name":"wp","href":"https:\/\/api.w.org\/{rel}","templated":true}]}}